8 is divided by 22.
4
What is the remainder when 99 is divided by 8?
3
What is the remainder when 2206 is divided by 12?
10
What is the remainder when 7825 is divided by 86?
85
Calculate the remainder when 776 is divided by 154.
6
Calculate the remainder when 1231 is divided by 9.
7
What is the remainder when 1079 is divided by 40?
39
What is the remainder when 1174 is divided by 97?
10
Calculate the remainder when 99 is divided by 98.
1
Calculate the remainder when 4928 is divided by 29.
27
Calculate the remainder when 57 is divided by 57.
0
Calculate the remainder when 1151 is divided by 228.
11
Calculate the remainder when 33 is divided by 28.
5
Calculate the remainder when 81 is divided by 29.
23
Calculate the remainder when 170 is divided by 166.
4
Calculate the remainder when 68 is divided by 13.
3
Calculate the remainder when 45 is divided by 31.
14
Calculate the remainder when 321 is divided by 12.
9
What is the remainder when 1355 is divided by 151?
147
What is the remainder when 282 is divided by 36?
30
What is the remainder when 106 is divided by 22?
18
What is the remainder when 410 is divided by 31?
7
What is the remainder when 603 is divided by 75?
3
What is the remainder when 951 is divided by 131?
34
Calculate the remainder when 32 is divided by 17.
15
Calculate the remainder when 317 is divided by 66.
53
What is the remainder when 227 is divided by 115?
112
Calculate the remainder when 88 is divided by 48.
40
Calculate the remainder when 85 is divided by 43.
42
Calculate the remainder when 591 is divided by 293.
5
Calculate the remainder when 3252 is divided by 101.
20
Calculate the remainder when 286 is divided by 36.
34
What is the remainder when 162 is divided by 19?
10
What is the remainder when 12689 is divided by 24?
17
What is the remainder when 5209 is divided by 193?
191
What is the remainder when 813 is divided by 265?
18
Calculate the remainder when 10624 is divided by 42.
40
What is the remainder when 523 is divided by 67?
54
What is the remainder when 489 is divided by 33?
27
Calculate the remainder when 28055 is divided by 14.
13
What is the remainder when 639 is divided by 20?
19
What is the remainder when 185 is divided by 56?
17
Calculate the remainder when 430 is divided by 71.
4
Calculate the remainder when 173 is divided by 11.
8
Calculate the remainder when 694 is divided by 317.
60
Calculate the remainder when 3860 is divided by 53.
44
What is the remainder when 786 is divided by 61?
54
Calculate the remainder when 152 is divided by 17.
16
What is the remainder when 735 is divided by 72?
15
What is the remainder when 1038 is divided by 88?
70
Calculate the remainder when 437 is divided by 12.
5
Calculate the remainder when 3087 is divided by 15.
12
Calculate the remainder when 230 is divided by 47.
42
Calculate the remainder when 567 is divided by 359.
208
What is the remainder when 1972 is divided by 103?
15
Calculate the remainder when 335 is divided by 116.
103
Calculate the remainder when 93 is divided by 40.
13
Calculate the remainder when 181 is divided by 84.
13
What is the remainder when 315 is divided by 271?
44
Calculate the remainder when 300 is divided by 161.
139
Calculate the remainder when 1400 is divided by 121.
69
Calculate the remainder when 854 is divided by 9.
8
Calculate the remainder when 669 is divided by 169.
162
What is the remainder when 213 is divided by 43?
41
What is the remainder when 3181 is divided by 86?
85
What is the remainder when 234 is divided by 30?
24
What is the remainder when 127 is divided by 33?
28
What is the remainder when 286 is divided by 24?
22
What is the remainder when 234 is divided by 43?
19
What is the remainder when 65 is divided by 18?
11
Calculate the remainder when 189 is divided by 45.
9
Calculate the remainder when 175 is divided by 66.
43
What is the remainder when 146 is divided by 24?
2
What is the remainder when 55 is divided by 31?
24
Calculate the remainder when 115 is divided by 32.
19
What is the remainder when 228 is divided by 132?
96
Calculate the remainder when 51 is divided by 26.
25
Calculate the remainder when 95 is divided by 11.
7
Calculate the remainder when 278 is divided by 70.
68
What is the remainder when 545 is divided by 148?
101
Calculate the remainder when 2488 is divided by 69.
4
Calculate the remainder when 4948 is divided by 22.
20
Calculate the remainder when 336 is divided by 76.
32
Calculate the remainder when 90 is divided by 89.
1
Calculate the remainder when 77 is divided by 20.
17
What is the remainder when 80 is divided by 41?
39
What is the remainder when 2809 is divided by 40?
9
What is the remainder when 1877 is divided by 537?
266
What is the remainder when 2408 is divided by 50?
8
Calculate the remainder when 242 is divided by 87.
68
Calculate the remainder when 98 is divided by 48.
2
Calculate the remainder when 81 is divided by 42.
39
What is the remainder when 114 is divided by 63?
51
What is the remainder when 10567 is divided by 31?
27
Calculate the remainder when 454 is divided by 177.
100
What is the remainder when 1613 is divided by 45?
38
Calculate the remainder when 10902 is divided by 14.
10
What is the remainder when 858 is divided by 10?
8
What is the remainder when 563 is divided by 113?
111
Calculate the remainder when 1566 is divided by 14.
12
What is the remainder when 7407 is divided by 78?
75
Calculate the remainder when 119 is divided by 61.
58
What is the remainder when 66 is divided by 3?
0
What is the remainder when 2636 is divided by 16?
12
What is the remainder when 6245 is divided by 6?
5
What is the remainder when 710 is divided by 120?
110
Calculate the remainder when 180 is divided by 110.
70
Calculate the remainder when 308 is divided by 13.
9
Calculate the remainder when 1041 is divided by 15.
6
Calculate the remainder when 395 is divided by 50.
45
What is the remainder when 86 is divided by 30?
26
What is the remainder when 156 is divided by 27?
21
Calculate the remainder when 2301 is divided by 31.
7
What is the remainder when 371 is divided by 31?
30
Calculate the remainder when 5925 is divided by 987.
3
What is the remainder when 967 is divided by 16?
7
Calculate the remainder when 20044 is divided by 16.
12
Calculate the remainder when 309 is divided by 39.
36
What is the remainder when 98 is divided by 51?
47
Calculate the remainder when 87 is divided by 47.
40
Calculate the remainder when 6423 is divided by 21.
18
What is the remainder when 456 is divided by 26?
14
What is the remainder when 74 is divided by 14?
4
What is the remainder when 468 is divided by 47?
45
What is the remainder when 89 is divided by 30?
29
Calculate the remainder when 313 is divided by 196.
117
Calculate the remainder when 298 is divided by 10.
8
Calculate the remainder when 345 is divided by 118.
109
What is the remainder when 739 is divided by 74?
73
What is the remainder when 2403 is divided by 201?
192
Calculate the remainder when 92 is divided by 74.
18
Calculate the remainder when 293 is divided by 16.
5
What is the remainder when 1138 is divided by 17?
16
Calculate the remainder when 305 is divided by 90.
35
Calculate the remainder when 1489 is divided by 8.
1
What is the remainder when 238 is divided by 136?
102
What is the remainder when 230 is divided by 39?
35
What is the remainder when 226 is divided by 38?
36
Calculate the remainder when 253 is divided by 15.
13
What is the remainder when 116 is divided by 31?
23
What is the remainder when 253 is divided by 17?
15
Calculate the remainder when 195 is divided by 35.
20
What is the remainder when 669 is divided by 56?
53
What is the remainder when 51 is divided by 13?
12
Calculate the remainder when 1360 is divided by 21.
16
What is the remainder when 723 is divided by 146?
139
Calculate the remainder when 1070 is divided by 354.
8
Calculate the remainder when 128 is divided by 70.
58
What is the remainder when 1933 is divided by 16?
13
What is the remainder when 1343 is divided by 188?
27
What is the remainder when 383 is divided by 48?
47
What is the remainder when 1308 is divided by 7?
6
What is the remainder when 3051 is divided by 71?
69
Calculate the remainder when 117 is divided by 5.
2
Calculate the remainder when 108 i